{"id":9785,"date":"2021-12-10T14:58:33","date_gmt":"2021-12-10T14:58:33","guid":{"rendered":"https:\/\/www.muehlebirgel.de\/conferences-et-seminaires-dans-leifel\/hotel-congres-et-seminaires-tarifs\/"},"modified":"2021-12-10T14:58:33","modified_gmt":"2021-12-10T14:58:33","slug":"hotel-congres-et-seminaires-tarifs","status":"publish","type":"page","link":"https:\/\/www.muehlebirgel.de\/fr\/hotel-congres-et-seminaires-tarifs","title":{"rendered":"H\u00f4tel congr\u00e8s et s\u00e9minaires &#8211; tarifs"},"content":{"rendered":"<div class=\"bilderklein\">\n<h2>Moulins &#8211; forfaits conf\u00e9rence<\/h2>\n<\/div>\n<div class=\"textklein\">\n<p><img loading=\"lazy\" decoding=\"async\" class=\"size-full wp-image-123 alignleft\" src=\"https:\/\/www.muehlebirgel.de\/wp-content\/uploads\/2009\/04\/ferienhaeuser.jpg\" alt=\"\" width=\"300\" height=\"200\">Tous les prix individuellement sur demande! Nous ne sommes qu&rsquo;\u00e0 un coup de fil de vous !<\/p>\n<p>T\u00e9l.: 06597\/92820, ou envoyez-nous votre demande par e- <a href=\"impressum.php\">mail<\/a> \u00e0 info (at) muehlebirgel.de.<\/p>\n<p><strong>Nous attendons avec impatience votre demande \u00e0<br \/>\nT\u00e9l. : 06597\/92820 ou via notre <a href=\"https:\/\/www.muehlebirgel.de\/contact\">formulaire de contact<\/a> !<\/strong><strong><br \/>\n<\/strong><\/p>\n<hr>\n<p><img loading=\"lazy\" decoding=\"async\" class=\" size-full wp-image-164\" src=\"https:\/\/www.muehlebirgel.de\/wp-content\/uploads\/2009\/04\/seminar.jpg\" alt=\"\" width=\"300\" height=\"200\"><\/p>\n<p><img loading=\"lazy\" decoding=\"async\" class=\" size-full wp-image-111\" src=\"https:\/\/www.muehlebirgel.de\/wp-content\/uploads\/2009\/04\/Gewoelbekeller.jpg\" alt=\"\" width=\"300\" height=\"200\"><\/p>\n<\/div>\n","protected":false},"excerpt":{"rendered":"<p>Moulins &#8211; forfaits conf\u00e9rence Tous les prix individuellement sur demande! Nous ne sommes qu&rsquo;\u00e0 un coup de fil de vous ! T\u00e9l.: 06597\/92820, ou envoyez-nous votre demande par e- mail \u00e0 info (at) muehlebirgel.de. Nous attendons avec impatience votre demande \u00e0 T\u00e9l. : 06597\/92820 ou via notre formulaire de contact !<\/p>\n","protected":false},"author":1,"featured_media":0,"parent":9683,"menu_order":5,"comment_status":"closed","ping_status":"closed","template":"","meta":{"footnotes":""},"class_list":["post-9785","page","type-page","status-publish","hentry"],"yoast_head":"<!-- This site is optimized with the Yoast SEO plugin v27.2 - https:\/\/yoast.com\/product\/yoast-seo-wordpress\/ -->\n<title>H\u00f4tel congr\u00e8s et s\u00e9minaires - tarifs - Historische Wasserm\u00fchle Birgel<\/title>\n<meta name=\"robots\" content=\"index, follow, max-snippet:-1, max-image-preview:large, max-video-preview:-1\" \/>\n<link rel=\"canonical\" href=\"https:\/\/www.muehlebirgel.de\/fr\/hotel-congres-et-seminaires-tarifs\" \/>\n<meta property=\"og:locale\" content=\"fr_FR\" \/>\n<meta property=\"og:type\" content=\"article\" \/>\n<meta property=\"og:title\" content=\"H\u00f4tel congr\u00e8s et s\u00e9minaires - tarifs - Historische Wasserm\u00fchle Birgel\" \/>\n<meta property=\"og:description\" content=\"Moulins &#8211; forfaits conf\u00e9rence Tous les prix individuellement sur demande! Nous ne sommes qu&rsquo;\u00e0 un coup de fil de vous ! T\u00e9l.: 06597\/92820, ou envoyez-nous votre demande par e- mail \u00e0 info (at) muehlebirgel.de. Nous attendons avec impatience votre demande \u00e0 T\u00e9l. : 06597\/92820 ou via notre formulaire de contact !\" \/>\n<meta property=\"og:url\" content=\"https:\/\/www.muehlebirgel.de\/fr\/hotel-congres-et-seminaires-tarifs\/\" \/>\n<meta property=\"og:site_name\" content=\"Historische Wasserm\u00fchle Birgel\" \/>\n<meta property=\"og:image\" content=\"https:\/\/www.muehlebirgel.de\/wp-content\/uploads\/2009\/04\/ferienhaeuser.jpg\" \/>\n<meta name=\"twitter:card\" content=\"summary_large_image\" \/>\n<script type=\"application\/ld+json\" class=\"yoast-schema-graph\">{\"@context\":\"https:\/\/schema.org\",\"@graph\":[{\"@type\":\"WebPage\",\"@id\":\"https:\/\/www.muehlebirgel.de\/fr\/hotel-congres-et-seminaires-tarifs\",\"url\":\"https:\/\/www.muehlebirgel.de\/fr\/hotel-congres-et-seminaires-tarifs\",\"name\":\"H\u00f4tel congr\u00e8s et s\u00e9minaires - tarifs - Historische Wasserm\u00fchle Birgel\",\"isPartOf\":{\"@id\":\"https:\/\/www.muehlebirgel.de\/fr\/#website\"},\"primaryImageOfPage\":{\"@id\":\"https:\/\/www.muehlebirgel.de\/fr\/hotel-congres-et-seminaires-tarifs#primaryimage\"},\"image\":{\"@id\":\"https:\/\/www.muehlebirgel.de\/fr\/hotel-congres-et-seminaires-tarifs#primaryimage\"},\"thumbnailUrl\":\"https:\/\/www.muehlebirgel.de\/wp-content\/uploads\/2009\/04\/ferienhaeuser.jpg\",\"datePublished\":\"2021-12-10T14:58:33+00:00\",\"breadcrumb\":{\"@id\":\"https:\/\/www.muehlebirgel.de\/fr\/hotel-congres-et-seminaires-tarifs#breadcrumb\"},\"inLanguage\":\"fr-FR\",\"potentialAction\":[{\"@type\":\"ReadAction\",\"target\":[\"https:\/\/www.muehlebirgel.de\/fr\/hotel-congres-et-seminaires-tarifs\"]}]},{\"@type\":\"ImageObject\",\"inLanguage\":\"fr-FR\",\"@id\":\"https:\/\/www.muehlebirgel.de\/fr\/hotel-congres-et-seminaires-tarifs#primaryimage\",\"url\":\"https:\/\/www.muehlebirgel.de\/wp-content\/uploads\/2009\/04\/ferienhaeuser.jpg\",\"contentUrl\":\"https:\/\/www.muehlebirgel.de\/wp-content\/uploads\/2009\/04\/ferienhaeuser.jpg\"},{\"@type\":\"BreadcrumbList\",\"@id\":\"https:\/\/www.muehlebirgel.de\/fr\/hotel-congres-et-seminaires-tarifs#breadcrumb\",\"itemListElement\":[{\"@type\":\"ListItem\",\"position\":1,\"name\":\"Startseite\",\"item\":\"https:\/\/www.muehlebirgel.de\/fr\"},{\"@type\":\"ListItem\",\"position\":2,\"name\":\"Journ\u00e9e aventure dans l&#8217;Eifel\",\"item\":\"https:\/\/www.muehlebirgel.de\/fr\/journee-aventure-dans-leifel\"},{\"@type\":\"ListItem\",\"position\":3,\"name\":\"Conf\u00e9rences et s\u00e9minaires dans l&#8217;Eifel\",\"item\":\"https:\/\/www.muehlebirgel.de\/fr\/conferences-et-seminaires-dans-leifel\"},{\"@type\":\"ListItem\",\"position\":4,\"name\":\"H\u00f4tel congr\u00e8s et s\u00e9minaires &#8211; tarifs\"}]},{\"@type\":\"WebSite\",\"@id\":\"https:\/\/www.muehlebirgel.de\/fr\/#website\",\"url\":\"https:\/\/www.muehlebirgel.de\/fr\/\",\"name\":\"Historische Wasserm\u00fchle Birgel\",\"description\":\"Willkommen im M\u00fchlen-Erlebniszentrum\",\"potentialAction\":[{\"@type\":\"SearchAction\",\"target\":{\"@type\":\"EntryPoint\",\"urlTemplate\":\"https:\/\/www.muehlebirgel.de\/fr\/?s={search_term_string}\"},\"query-input\":{\"@type\":\"PropertyValueSpecification\",\"valueRequired\":true,\"valueName\":\"search_term_string\"}}],\"inLanguage\":\"fr-FR\"}]}<\/script>\n<!-- \/ Yoast SEO plugin. -->","yoast_head_json":{"title":"H\u00f4tel congr\u00e8s et s\u00e9minaires - tarifs - Historische Wasserm\u00fchle Birgel","robots":{"index":"index","follow":"follow","max-snippet":"max-snippet:-1","max-image-preview":"max-image-preview:large","max-video-preview":"max-video-preview:-1"},"canonical":"https:\/\/www.muehlebirgel.de\/fr\/hotel-congres-et-seminaires-tarifs","og_locale":"fr_FR","og_type":"article","og_title":"H\u00f4tel congr\u00e8s et s\u00e9minaires - tarifs - Historische Wasserm\u00fchle Birgel","og_description":"Moulins &#8211; forfaits conf\u00e9rence Tous les prix individuellement sur demande! Nous ne sommes qu&rsquo;\u00e0 un coup de fil de vous ! T\u00e9l.: 06597\/92820, ou envoyez-nous votre demande par e- mail \u00e0 info (at) muehlebirgel.de. Nous attendons avec impatience votre demande \u00e0 T\u00e9l. : 06597\/92820 ou via notre formulaire de contact !","og_url":"https:\/\/www.muehlebirgel.de\/fr\/hotel-congres-et-seminaires-tarifs\/","og_site_name":"Historische Wasserm\u00fchle Birgel","og_image":[{"url":"https:\/\/www.muehlebirgel.de\/wp-content\/uploads\/2009\/04\/ferienhaeuser.jpg","type":"","width":"","height":""}],"twitter_card":"summary_large_image","schema":{"@context":"https:\/\/schema.org","@graph":[{"@type":"WebPage","@id":"https:\/\/www.muehlebirgel.de\/fr\/hotel-congres-et-seminaires-tarifs","url":"https:\/\/www.muehlebirgel.de\/fr\/hotel-congres-et-seminaires-tarifs","name":"H\u00f4tel congr\u00e8s et s\u00e9minaires - tarifs - Historische Wasserm\u00fchle Birgel","isPartOf":{"@id":"https:\/\/www.muehlebirgel.de\/fr\/#website"},"primaryImageOfPage":{"@id":"https:\/\/www.muehlebirgel.de\/fr\/hotel-congres-et-seminaires-tarifs#primaryimage"},"image":{"@id":"https:\/\/www.muehlebirgel.de\/fr\/hotel-congres-et-seminaires-tarifs#primaryimage"},"thumbnailUrl":"https:\/\/www.muehlebirgel.de\/wp-content\/uploads\/2009\/04\/ferienhaeuser.jpg","datePublished":"2021-12-10T14:58:33+00:00","breadcrumb":{"@id":"https:\/\/www.muehlebirgel.de\/fr\/hotel-congres-et-seminaires-tarifs#breadcrumb"},"inLanguage":"fr-FR","potentialAction":[{"@type":"ReadAction","target":["https:\/\/www.muehlebirgel.de\/fr\/hotel-congres-et-seminaires-tarifs"]}]},{"@type":"ImageObject","inLanguage":"fr-FR","@id":"https:\/\/www.muehlebirgel.de\/fr\/hotel-congres-et-seminaires-tarifs#primaryimage","url":"https:\/\/www.muehlebirgel.de\/wp-content\/uploads\/2009\/04\/ferienhaeuser.jpg","contentUrl":"https:\/\/www.muehlebirgel.de\/wp-content\/uploads\/2009\/04\/ferienhaeuser.jpg"},{"@type":"BreadcrumbList","@id":"https:\/\/www.muehlebirgel.de\/fr\/hotel-congres-et-seminaires-tarifs#breadcrumb","itemListElement":[{"@type":"ListItem","position":1,"name":"Startseite","item":"https:\/\/www.muehlebirgel.de\/fr"},{"@type":"ListItem","position":2,"name":"Journ\u00e9e aventure dans l&#8217;Eifel","item":"https:\/\/www.muehlebirgel.de\/fr\/journee-aventure-dans-leifel"},{"@type":"ListItem","position":3,"name":"Conf\u00e9rences et s\u00e9minaires dans l&#8217;Eifel","item":"https:\/\/www.muehlebirgel.de\/fr\/conferences-et-seminaires-dans-leifel"},{"@type":"ListItem","position":4,"name":"H\u00f4tel congr\u00e8s et s\u00e9minaires &#8211; tarifs"}]},{"@type":"WebSite","@id":"https:\/\/www.muehlebirgel.de\/fr\/#website","url":"https:\/\/www.muehlebirgel.de\/fr\/","name":"Historische Wasserm\u00fchle Birgel","description":"Willkommen im M\u00fchlen-Erlebniszentrum","potentialAction":[{"@type":"SearchAction","target":{"@type":"EntryPoint","urlTemplate":"https:\/\/www.muehlebirgel.de\/fr\/?s={search_term_string}"},"query-input":{"@type":"PropertyValueSpecification","valueRequired":true,"valueName":"search_term_string"}}],"inLanguage":"fr-FR"}]}},"_links":{"self":[{"href":"https:\/\/www.muehlebirgel.de\/fr\/wp-json\/wp\/v2\/pages\/9785","targetHints":{"allow":["GET"]}}],"collection":[{"href":"https:\/\/www.muehlebirgel.de\/fr\/wp-json\/wp\/v2\/pages"}],"about":[{"href":"https:\/\/www.muehlebirgel.de\/fr\/wp-json\/wp\/v2\/types\/page"}],"author":[{"embeddable":true,"href":"https:\/\/www.muehlebirgel.de\/fr\/wp-json\/wp\/v2\/users\/1"}],"replies":[{"embeddable":true,"href":"https:\/\/www.muehlebirgel.de\/fr\/wp-json\/wp\/v2\/comments?post=9785"}],"version-history":[{"count":0,"href":"https:\/\/www.muehlebirgel.de\/fr\/wp-json\/wp\/v2\/pages\/9785\/revisions"}],"up":[{"embeddable":true,"href":"https:\/\/www.muehlebirgel.de\/fr\/wp-json\/wp\/v2\/pages\/9683"}],"wp:attachment":[{"href":"https:\/\/www.muehlebirgel.de\/fr\/wp-json\/wp\/v2\/media?parent=9785"}],"curies":[{"name":"wp","href":"https:\/\/api.w.org\/{rel}","templated":true}]}}

Hôtel congrès et séminaires &#8211; tarifs

<div class="bilderklein">
<h2>Moulins &#8211; forfaits conférence</h2>
</div>
<div class="textklein">
<p><img loading="lazy" decoding="async" class="size-full wp-image-123 alignleft" src="https://www.muehlebirgel.de/wp-content/uploads/2009/04/ferienhaeuser.jpg" alt="" width="300" height="200">Tous les prix individuellement sur demande! Nous ne sommes qu&rsquo;à un coup de fil de vous !</p>
<p>Tél.: 06597/92820, ou envoyez-nous votre demande par e- <a href="impressum.php">mail</a> à info (at) muehlebirgel.de.</p>
<p><strong>Nous attendons avec impatience votre demande à<br />
Tél. : 06597/92820 ou via notre <a href="https://www.muehlebirgel.de/contact">formulaire de contact</a> !</strong><strong><br />
</strong></p>
<hr>
<p><img loading="lazy" decoding="async" class=" size-full wp-image-164" src="https://www.muehlebirgel.de/wp-content/uploads/2009/04/seminar.jpg" alt="" width="300" height="200"></p>
<p><img loading="lazy" decoding="async" class=" size-full wp-image-111" src="https://www.muehlebirgel.de/wp-content/uploads/2009/04/Gewoelbekeller.jpg" alt="" width="300" height="200"></p>
</div>

<p>Moulins &#8211; forfaits conférence Tous les prix individuellement sur demande! Nous ne sommes qu&rsquo;à un coup de fil de vous ! Tél.: 06597/92820, ou envoyez-nous votre demande par e- mail à info (at) muehlebirgel.de. Nous attendons avec impatience votre demande à Tél. : 06597/92820 ou via notre formulaire de contact !</p>

<!-- This site is optimized with the Yoast SEO plugin v27.2 - https://yoast.com/product/yoast-seo-wordpress/ -->
<title>Hôtel congrès et séminaires - tarifs - Historische Wassermühle Birgel</title>
<meta name="robots" content="index, follow, max-snippet:-1, max-image-preview:large, max-video-preview:-1" />
<link rel="canonical" href="https://www.muehlebirgel.de/fr/hotel-congres-et-seminaires-tarifs" />
<meta property="og:locale" content="fr_FR" />
<meta property="og:type" content="article" />
<meta property="og:title" content="Hôtel congrès et séminaires - tarifs - Historische Wassermühle Birgel" />
<meta property="og:description" content="Moulins &#8211; forfaits conférence Tous les prix individuellement sur demande! Nous ne sommes qu&rsquo;à un coup de fil de vous ! Tél.: 06597/92820, ou envoyez-nous votre demande par e- mail à info (at) muehlebirgel.de. Nous attendons avec impatience votre demande à Tél. : 06597/92820 ou via notre formulaire de contact !" />
<meta property="og:url" content="https://www.muehlebirgel.de/fr/hotel-congres-et-seminaires-tarifs/" />
<meta property="og:site_name" content="Historische Wassermühle Birgel" />
<meta property="og:image" content="https://www.muehlebirgel.de/wp-content/uploads/2009/04/ferienhaeuser.jpg" />
<meta name="twitter:card" content="summary_large_image" />
<script type="application/ld+json" class="yoast-schema-graph">{"@context":"https://schema.org","@graph":[{"@type":"WebPage","@id":"https://www.muehlebirgel.de/fr/hotel-congres-et-seminaires-tarifs","url":"https://www.muehlebirgel.de/fr/hotel-congres-et-seminaires-tarifs","name":"Hôtel congrès et séminaires - tarifs - Historische Wassermühle Birgel","isPartOf":{"@id":"https://www.muehlebirgel.de/fr/#website"},"primaryImageOfPage":{"@id":"https://www.muehlebirgel.de/fr/hotel-congres-et-seminaires-tarifs#primaryimage"},"image":{"@id":"https://www.muehlebirgel.de/fr/hotel-congres-et-seminaires-tarifs#primaryimage"},"thumbnailUrl":"https://www.muehlebirgel.de/wp-content/uploads/2009/04/ferienhaeuser.jpg","datePublished":"2021-12-10T14:58:33+00:00","breadcrumb":{"@id":"https://www.muehlebirgel.de/fr/hotel-congres-et-seminaires-tarifs#breadcrumb"},"inLanguage":"fr-FR","potentialAction":[{"@type":"ReadAction","target":["https://www.muehlebirgel.de/fr/hotel-congres-et-seminaires-tarifs"]}]},{"@type":"ImageObject","inLanguage":"fr-FR","@id":"https://www.muehlebirgel.de/fr/hotel-congres-et-seminaires-tarifs#primaryimage","url":"https://www.muehlebirgel.de/wp-content/uploads/2009/04/ferienhaeuser.jpg","contentUrl":"https://www.muehlebirgel.de/wp-content/uploads/2009/04/ferienhaeuser.jpg"},{"@type":"BreadcrumbList","@id":"https://www.muehlebirgel.de/fr/hotel-congres-et-seminaires-tarifs#breadcrumb","itemListElement":[{"@type":"ListItem","position":1,"name":"Startseite","item":"https://www.muehlebirgel.de/fr"},{"@type":"ListItem","position":2,"name":"Journée aventure dans l&#8217;Eifel","item":"https://www.muehlebirgel.de/fr/journee-aventure-dans-leifel"},{"@type":"ListItem","position":3,"name":"Conférences et séminaires dans l&#8217;Eifel","item":"https://www.muehlebirgel.de/fr/conferences-et-seminaires-dans-leifel"},{"@type":"ListItem","position":4,"name":"Hôtel congrès et séminaires &#8211; tarifs"}]},{"@type":"WebSite","@id":"https://www.muehlebirgel.de/fr/#website","url":"https://www.muehlebirgel.de/fr/","name":"Historische Wassermühle Birgel","description":"Willkommen im Mühlen-Erlebniszentrum","potentialAction":[{"@type":"SearchAction","target":{"@type":"EntryPoint","urlTemplate":"https://www.muehlebirgel.de/fr/?s={search_term_string}"},"query-input":{"@type":"PropertyValueSpecification","valueRequired":true,"valueName":"search_term_string"}}],"inLanguage":"fr-FR"}]}</script>
<!-- / Yoast SEO plugin. -->

Hôtel congrès et séminaires - tarifs - Historische Wassermühle Birgel

Moulins &#8211; forfaits conférence Tous les prix individuellement sur demande! Nous ne sommes qu&rsquo;à un coup de fil de vous ! Tél.: 06597/92820, ou envoyez-nous votre demande par e- mail à info (at) muehlebirgel.de. Nous attendons avec impatience votre demande à Tél. : 06597/92820 ou via notre formulaire de contact !

Historische Wassermühle Birgel

Journée aventure dans l&#8217;Eifel

Conférences et séminaires dans l&#8217;Eifel

Willkommen im Mühlen-Erlebniszentrum
