{"id":10403,"date":"2019-12-19T16:16:29","date_gmt":"2021-12-10T15:15:19","guid":{"rendered":"https:\/\/www.muehlebirgel.de\/shop\/eau-de-vie-de-prunelle\/"},"modified":"2025-05-28T13:47:38","modified_gmt":"2025-05-28T11:47:38","slug":"brulure-de-la-prunelle","status":"publish","type":"product","link":"https:\/\/www.muehlebirgel.de\/fr\/shop\/brulure-de-la-prunelle","title":{"rendered":"Eau-de-vie de prunelle"},"content":{"rendered":"<h2>Eau-de-vie de prunelle de l&rsquo;Eifel<\/h2>\n<p>Notre brandy de prunelle avec une teneur en alcool de 43% vol., est une sp\u00e9cialit\u00e9 de brandy sp\u00e9ciale \u00e0 base de fruits du prunellier. Les prunelles sont l&rsquo;un des fruits sauvages les plus c\u00e9l\u00e8bres de l&rsquo;Eifel. Le fruit n&rsquo;est comestible qu&rsquo;apr\u00e8s les premi\u00e8res gel\u00e9es et r\u00e9v\u00e8le sa note gustative acidul\u00e9e sucr\u00e9e. Avant cela, il a un go\u00fbt si amer et aigre que chaque tentative de le manger finit par \u00eatre un \u00e9chec.<\/p>\n<p>Son go\u00fbt fruit\u00e9 intense rappelle celui des cerises ou des prunes, tandis que son parfum rappelle celui du massepain. En raison de sa r\u00e9colte \u00e9labor\u00e9e et de sa longue r\u00e9verb\u00e9ration, il est consid\u00e9r\u00e9 comme une v\u00e9ritable raret\u00e9.<\/p>\n<h2>Comment appr\u00e9ciez-vous le cognac?<\/h2>\n<p><strong> <\/strong>La sp\u00e9cialit\u00e9 de prunelle se d\u00e9guste de pr\u00e9f\u00e9rence directement \u00e0 une temp\u00e9rature de consommation approximative de 16 \u00e0 18 degr\u00e9s. Il est d\u00e9licieux en digestif apr\u00e8s un d\u00eener r\u00e9ussi ou en dessert. Aux heures tranquilles, le brandy de prunelle invite les vrais connaisseurs \u00e0 aller au fond de ses nuances aromatiques polyvalentes autour d&rsquo;un verre<\/p>\n","protected":false},"excerpt":{"rendered":"<p><strong>Teneur en alcool : 43% vol<\/strong><\/p>\n<p>Son go\u00fbt fruit\u00e9 intense rappelle les cerises ou les prunes, son parfum la p\u00e2te d&rsquo;amande.<\/p>\n","protected":false},"featured_media":9595,"template":"","meta":[],"product_brand":[],"product_cat":[88],"product_tag":[],"class_list":{"0":"post-10403","1":"product","2":"type-product","3":"status-publish","4":"has-post-thumbnail","6":"product_cat-eaux-de-vie","7":"product_shipping_class-expedition-assuree","9":"first","10":"outofstock","11":"taxable","12":"shipping-taxable","13":"purchasable","14":"product-type-variable","15":"has-default-attributes"},"yoast_head":"<!-- This site is optimized with the Yoast SEO plugin v27.2 - https:\/\/yoast.com\/product\/yoast-seo-wordpress\/ -->\n<title>Eau-de-vie de prunelle - Historische Wasserm\u00fchle Birgel<\/title>\n<meta name=\"description\" content=\"Une v\u00e9ritable raret\u00e9 r\u00e9alis\u00e9e \u00e0 partir des fruits du prunellier. En termes de go\u00fbt, l&#039;ar\u00f4me de fruit rappelle les cerises ou les prunes.\" \/>\n<meta name=\"robots\" content=\"index, follow, max-snippet:-1, max-image-preview:large, max-video-preview:-1\" \/>\n<link rel=\"canonical\" href=\"https:\/\/www.muehlebirgel.de\/fr\/shop\/brulure-de-la-prunelle\" \/>\n<meta property=\"og:locale\" content=\"fr_FR\" \/>\n<meta property=\"og:type\" content=\"article\" \/>\n<meta property=\"og:title\" content=\"Eau-de-vie de prunelle - Historische Wasserm\u00fchle Birgel\" \/>\n<meta property=\"og:description\" content=\"Une v\u00e9ritable raret\u00e9 r\u00e9alis\u00e9e \u00e0 partir des fruits du prunellier. En termes de go\u00fbt, l&#039;ar\u00f4me de fruit rappelle les cerises ou les prunes.\" \/>\n<meta property=\"og:url\" content=\"https:\/\/www.muehlebirgel.de\/fr\/shop\/brulure-de-la-prunelle\/\" \/>\n<meta property=\"og:site_name\" content=\"Historische Wasserm\u00fchle Birgel\" \/>\n<meta property=\"article:modified_time\" content=\"2025-05-28T11:47:38+00:00\" \/>\n<meta property=\"og:image\" content=\"https:\/\/www.muehlebirgel.de\/wp-content\/uploads\/2019\/12\/Schlehenbrannt-05l.png\" \/>\n\t<meta property=\"og:image:width\" content=\"1400\" \/>\n\t<meta property=\"og:image:height\" content=\"2100\" \/>\n\t<meta property=\"og:image:type\" content=\"image\/png\" \/>\n<meta name=\"twitter:card\" content=\"summary_large_image\" \/>\n<meta name=\"twitter:label1\" content=\"Dur\u00e9e de lecture estim\u00e9e\" \/>\n\t<meta name=\"twitter:data1\" content=\"1 minute\" \/>\n<script type=\"application\/ld+json\" class=\"yoast-schema-graph\">{\"@context\":\"https:\/\/schema.org\",\"@graph\":[{\"@type\":\"WebPage\",\"@id\":\"https:\/\/www.muehlebirgel.de\/fr\/shop\/brulure-de-la-prunelle\",\"url\":\"https:\/\/www.muehlebirgel.de\/fr\/shop\/brulure-de-la-prunelle\",\"name\":\"Eau-de-vie de prunelle - Historische Wasserm\u00fchle Birgel\",\"isPartOf\":{\"@id\":\"https:\/\/www.muehlebirgel.de\/fr\/#website\"},\"primaryImageOfPage\":{\"@id\":\"https:\/\/www.muehlebirgel.de\/fr\/shop\/brulure-de-la-prunelle#primaryimage\"},\"image\":{\"@id\":\"https:\/\/www.muehlebirgel.de\/fr\/shop\/brulure-de-la-prunelle#primaryimage\"},\"thumbnailUrl\":\"https:\/\/www.muehlebirgel.de\/wp-content\/uploads\/2019\/12\/Schlehenbrannt-05l.png\",\"datePublished\":\"2021-12-10T15:15:19+00:00\",\"dateModified\":\"2025-05-28T11:47:38+00:00\",\"description\":\"Une v\u00e9ritable raret\u00e9 r\u00e9alis\u00e9e \u00e0 partir des fruits du prunellier. En termes de go\u00fbt, l'ar\u00f4me de fruit rappelle les cerises ou les prunes.\",\"breadcrumb\":{\"@id\":\"https:\/\/www.muehlebirgel.de\/fr\/shop\/brulure-de-la-prunelle#breadcrumb\"},\"inLanguage\":\"fr-FR\",\"potentialAction\":[{\"@type\":\"ReadAction\",\"target\":[\"https:\/\/www.muehlebirgel.de\/fr\/shop\/brulure-de-la-prunelle\"]}]},{\"@type\":\"ImageObject\",\"inLanguage\":\"fr-FR\",\"@id\":\"https:\/\/www.muehlebirgel.de\/fr\/shop\/brulure-de-la-prunelle#primaryimage\",\"url\":\"https:\/\/www.muehlebirgel.de\/wp-content\/uploads\/2019\/12\/Schlehenbrannt-05l.png\",\"contentUrl\":\"https:\/\/www.muehlebirgel.de\/wp-content\/uploads\/2019\/12\/Schlehenbrannt-05l.png\",\"width\":1400,\"height\":2100},{\"@type\":\"BreadcrumbList\",\"@id\":\"https:\/\/www.muehlebirgel.de\/fr\/shop\/brulure-de-la-prunelle#breadcrumb\",\"itemListElement\":[{\"@type\":\"ListItem\",\"position\":1,\"name\":\"Startseite\",\"item\":\"https:\/\/www.muehlebirgel.de\/fr\"},{\"@type\":\"ListItem\",\"position\":2,\"name\":\"Produits\",\"item\":\"https:\/\/www.muehlebirgel.de\/fr\/shop\"},{\"@type\":\"ListItem\",\"position\":3,\"name\":\"Eau-de-vie de prunelle\"}]},{\"@type\":\"WebSite\",\"@id\":\"https:\/\/www.muehlebirgel.de\/fr\/#website\",\"url\":\"https:\/\/www.muehlebirgel.de\/fr\/\",\"name\":\"Historische Wasserm\u00fchle Birgel\",\"description\":\"Willkommen im M\u00fchlen-Erlebniszentrum\",\"potentialAction\":[{\"@type\":\"SearchAction\",\"target\":{\"@type\":\"EntryPoint\",\"urlTemplate\":\"https:\/\/www.muehlebirgel.de\/fr\/?s={search_term_string}\"},\"query-input\":{\"@type\":\"PropertyValueSpecification\",\"valueRequired\":true,\"valueName\":\"search_term_string\"}}],\"inLanguage\":\"fr-FR\"}]}<\/script>\n<!-- \/ Yoast SEO plugin. -->","yoast_head_json":{"title":"Eau-de-vie de prunelle - Historische Wasserm\u00fchle Birgel","description":"Une v\u00e9ritable raret\u00e9 r\u00e9alis\u00e9e \u00e0 partir des fruits du prunellier. En termes de go\u00fbt, l'ar\u00f4me de fruit rappelle les cerises ou les prunes.","robots":{"index":"index","follow":"follow","max-snippet":"max-snippet:-1","max-image-preview":"max-image-preview:large","max-video-preview":"max-video-preview:-1"},"canonical":"https:\/\/www.muehlebirgel.de\/fr\/shop\/brulure-de-la-prunelle","og_locale":"fr_FR","og_type":"article","og_title":"Eau-de-vie de prunelle - Historische Wasserm\u00fchle Birgel","og_description":"Une v\u00e9ritable raret\u00e9 r\u00e9alis\u00e9e \u00e0 partir des fruits du prunellier. En termes de go\u00fbt, l'ar\u00f4me de fruit rappelle les cerises ou les prunes.","og_url":"https:\/\/www.muehlebirgel.de\/fr\/shop\/brulure-de-la-prunelle\/","og_site_name":"Historische Wasserm\u00fchle Birgel","article_modified_time":"2025-05-28T11:47:38+00:00","og_image":[{"width":1400,"height":2100,"url":"https:\/\/www.muehlebirgel.de\/wp-content\/uploads\/2019\/12\/Schlehenbrannt-05l.png","type":"image\/png"}],"twitter_card":"summary_large_image","twitter_misc":{"Dur\u00e9e de lecture estim\u00e9e":"1 minute"},"schema":{"@context":"https:\/\/schema.org","@graph":[{"@type":"WebPage","@id":"https:\/\/www.muehlebirgel.de\/fr\/shop\/brulure-de-la-prunelle","url":"https:\/\/www.muehlebirgel.de\/fr\/shop\/brulure-de-la-prunelle","name":"Eau-de-vie de prunelle - Historische Wasserm\u00fchle Birgel","isPartOf":{"@id":"https:\/\/www.muehlebirgel.de\/fr\/#website"},"primaryImageOfPage":{"@id":"https:\/\/www.muehlebirgel.de\/fr\/shop\/brulure-de-la-prunelle#primaryimage"},"image":{"@id":"https:\/\/www.muehlebirgel.de\/fr\/shop\/brulure-de-la-prunelle#primaryimage"},"thumbnailUrl":"https:\/\/www.muehlebirgel.de\/wp-content\/uploads\/2019\/12\/Schlehenbrannt-05l.png","datePublished":"2021-12-10T15:15:19+00:00","dateModified":"2025-05-28T11:47:38+00:00","description":"Une v\u00e9ritable raret\u00e9 r\u00e9alis\u00e9e \u00e0 partir des fruits du prunellier. En termes de go\u00fbt, l'ar\u00f4me de fruit rappelle les cerises ou les prunes.","breadcrumb":{"@id":"https:\/\/www.muehlebirgel.de\/fr\/shop\/brulure-de-la-prunelle#breadcrumb"},"inLanguage":"fr-FR","potentialAction":[{"@type":"ReadAction","target":["https:\/\/www.muehlebirgel.de\/fr\/shop\/brulure-de-la-prunelle"]}]},{"@type":"ImageObject","inLanguage":"fr-FR","@id":"https:\/\/www.muehlebirgel.de\/fr\/shop\/brulure-de-la-prunelle#primaryimage","url":"https:\/\/www.muehlebirgel.de\/wp-content\/uploads\/2019\/12\/Schlehenbrannt-05l.png","contentUrl":"https:\/\/www.muehlebirgel.de\/wp-content\/uploads\/2019\/12\/Schlehenbrannt-05l.png","width":1400,"height":2100},{"@type":"BreadcrumbList","@id":"https:\/\/www.muehlebirgel.de\/fr\/shop\/brulure-de-la-prunelle#breadcrumb","itemListElement":[{"@type":"ListItem","position":1,"name":"Startseite","item":"https:\/\/www.muehlebirgel.de\/fr"},{"@type":"ListItem","position":2,"name":"Produits","item":"https:\/\/www.muehlebirgel.de\/fr\/shop"},{"@type":"ListItem","position":3,"name":"Eau-de-vie de prunelle"}]},{"@type":"WebSite","@id":"https:\/\/www.muehlebirgel.de\/fr\/#website","url":"https:\/\/www.muehlebirgel.de\/fr\/","name":"Historische Wasserm\u00fchle Birgel","description":"Willkommen im M\u00fchlen-Erlebniszentrum","potentialAction":[{"@type":"SearchAction","target":{"@type":"EntryPoint","urlTemplate":"https:\/\/www.muehlebirgel.de\/fr\/?s={search_term_string}"},"query-input":{"@type":"PropertyValueSpecification","valueRequired":true,"valueName":"search_term_string"}}],"inLanguage":"fr-FR"}]}},"_links":{"self":[{"href":"https:\/\/www.muehlebirgel.de\/fr\/wp-json\/wp\/v2\/product\/10403","targetHints":{"allow":["GET"]}}],"collection":[{"href":"https:\/\/www.muehlebirgel.de\/fr\/wp-json\/wp\/v2\/product"}],"about":[{"href":"https:\/\/www.muehlebirgel.de\/fr\/wp-json\/wp\/v2\/types\/product"}],"wp:featuredmedia":[{"embeddable":true,"href":"https:\/\/www.muehlebirgel.de\/fr\/wp-json\/wp\/v2\/media\/9595"}],"wp:attachment":[{"href":"https:\/\/www.muehlebirgel.de\/fr\/wp-json\/wp\/v2\/media?parent=10403"}],"wp:term":[{"taxonomy":"product_brand","embeddable":true,"href":"https:\/\/www.muehlebirgel.de\/fr\/wp-json\/wp\/v2\/product_brand?post=10403"},{"taxonomy":"product_cat","embeddable":true,"href":"https:\/\/www.muehlebirgel.de\/fr\/wp-json\/wp\/v2\/product_cat?post=10403"},{"taxonomy":"product_tag","embeddable":true,"href":"https:\/\/www.muehlebirgel.de\/fr\/wp-json\/wp\/v2\/product_tag?post=10403"}],"curies":[{"name":"wp","href":"https:\/\/api.w.org\/{rel}","templated":true}]}}

<h2>Eau-de-vie de prunelle de l&rsquo;Eifel</h2>
<p>Notre brandy de prunelle avec une teneur en alcool de 43% vol., est une spécialité de brandy spéciale à base de fruits du prunellier. Les prunelles sont l&rsquo;un des fruits sauvages les plus célèbres de l&rsquo;Eifel. Le fruit n&rsquo;est comestible qu&rsquo;après les premières gelées et révèle sa note gustative acidulée sucrée. Avant cela, il a un goût si amer et aigre que chaque tentative de le manger finit par être un échec.</p>
<p>Son goût fruité intense rappelle celui des cerises ou des prunes, tandis que son parfum rappelle celui du massepain. En raison de sa récolte élaborée et de sa longue réverbération, il est considéré comme une véritable rareté.</p>
<h2>Comment appréciez-vous le cognac?</h2>
<p><strong> </strong>La spécialité de prunelle se déguste de préférence directement à une température de consommation approximative de 16 à 18 degrés. Il est délicieux en digestif après un dîner réussi ou en dessert. Aux heures tranquilles, le brandy de prunelle invite les vrais connaisseurs à aller au fond de ses nuances aromatiques polyvalentes autour d&rsquo;un verre</p>

<p><strong>Teneur en alcool : 43% vol</strong></p>
<p>Son goût fruité intense rappelle les cerises ou les prunes, son parfum la pâte d&rsquo;amande.</p>

<!-- This site is optimized with the Yoast SEO plugin v27.2 - https://yoast.com/product/yoast-seo-wordpress/ -->
<title>Eau-de-vie de prunelle - Historische Wassermühle Birgel</title>
<meta name="description" content="Une véritable rareté réalisée à partir des fruits du prunellier. En termes de goût, l&#039;arôme de fruit rappelle les cerises ou les prunes." />
<meta name="robots" content="index, follow, max-snippet:-1, max-image-preview:large, max-video-preview:-1" />
<link rel="canonical" href="https://www.muehlebirgel.de/fr/shop/brulure-de-la-prunelle" />
<meta property="og:locale" content="fr_FR" />
<meta property="og:type" content="article" />
<meta property="og:title" content="Eau-de-vie de prunelle - Historische Wassermühle Birgel" />
<meta property="og:description" content="Une véritable rareté réalisée à partir des fruits du prunellier. En termes de goût, l&#039;arôme de fruit rappelle les cerises ou les prunes." />
<meta property="og:url" content="https://www.muehlebirgel.de/fr/shop/brulure-de-la-prunelle/" />
<meta property="og:site_name" content="Historische Wassermühle Birgel" />
<meta property="article:modified_time" content="2025-05-28T11:47:38+00:00" />
<meta property="og:image" content="https://www.muehlebirgel.de/wp-content/uploads/2019/12/Schlehenbrannt-05l.png" />
	<meta property="og:image:width" content="1400" />
	<meta property="og:image:height" content="2100" />
	<meta property="og:image:type" content="image/png" />
<meta name="twitter:card" content="summary_large_image" />
<meta name="twitter:label1" content="Durée de lecture estimée" />
	<meta name="twitter:data1" content="1 minute" />
<script type="application/ld+json" class="yoast-schema-graph">{"@context":"https://schema.org","@graph":[{"@type":"WebPage","@id":"https://www.muehlebirgel.de/fr/shop/brulure-de-la-prunelle","url":"https://www.muehlebirgel.de/fr/shop/brulure-de-la-prunelle","name":"Eau-de-vie de prunelle - Historische Wassermühle Birgel","isPartOf":{"@id":"https://www.muehlebirgel.de/fr/#website"},"primaryImageOfPage":{"@id":"https://www.muehlebirgel.de/fr/shop/brulure-de-la-prunelle#primaryimage"},"image":{"@id":"https://www.muehlebirgel.de/fr/shop/brulure-de-la-prunelle#primaryimage"},"thumbnailUrl":"https://www.muehlebirgel.de/wp-content/uploads/2019/12/Schlehenbrannt-05l.png","datePublished":"2021-12-10T15:15:19+00:00","dateModified":"2025-05-28T11:47:38+00:00","description":"Une véritable rareté réalisée à partir des fruits du prunellier. En termes de goût, l'arôme de fruit rappelle les cerises ou les prunes.","breadcrumb":{"@id":"https://www.muehlebirgel.de/fr/shop/brulure-de-la-prunelle#breadcrumb"},"inLanguage":"fr-FR","potentialAction":[{"@type":"ReadAction","target":["https://www.muehlebirgel.de/fr/shop/brulure-de-la-prunelle"]}]},{"@type":"ImageObject","inLanguage":"fr-FR","@id":"https://www.muehlebirgel.de/fr/shop/brulure-de-la-prunelle#primaryimage","url":"https://www.muehlebirgel.de/wp-content/uploads/2019/12/Schlehenbrannt-05l.png","contentUrl":"https://www.muehlebirgel.de/wp-content/uploads/2019/12/Schlehenbrannt-05l.png","width":1400,"height":2100},{"@type":"BreadcrumbList","@id":"https://www.muehlebirgel.de/fr/shop/brulure-de-la-prunelle#breadcrumb","itemListElement":[{"@type":"ListItem","position":1,"name":"Startseite","item":"https://www.muehlebirgel.de/fr"},{"@type":"ListItem","position":2,"name":"Produits","item":"https://www.muehlebirgel.de/fr/shop"},{"@type":"ListItem","position":3,"name":"Eau-de-vie de prunelle"}]},{"@type":"WebSite","@id":"https://www.muehlebirgel.de/fr/#website","url":"https://www.muehlebirgel.de/fr/","name":"Historische Wassermühle Birgel","description":"Willkommen im Mühlen-Erlebniszentrum","potentialAction":[{"@type":"SearchAction","target":{"@type":"EntryPoint","urlTemplate":"https://www.muehlebirgel.de/fr/?s={search_term_string}"},"query-input":{"@type":"PropertyValueSpecification","valueRequired":true,"valueName":"search_term_string"}}],"inLanguage":"fr-FR"}]}</script>
<!-- / Yoast SEO plugin. -->

Eau-de-vie de prunelle - Historische Wassermühle Birgel

Une véritable rareté réalisée à partir des fruits du prunellier. En termes de goût, l'arôme de fruit rappelle les cerises ou les prunes.

Historische Wassermühle Birgel

Willkommen im Mühlen-Erlebniszentrum
